{"id":2487,"date":"2021-06-06T12:02:33","date_gmt":"2021-06-06T12:02:33","guid":{"rendered":"https:\/\/disho.yahoothemes.net\/?page_id=2487"},"modified":"2022-11-28T11:36:37","modified_gmt":"2022-11-28T11:36:37","slug":"a-propos","status":"publish","type":"page","link":"https:\/\/www.jieyo-food.com\/home\/a-propos\/","title":{"rendered":"A Propos"},"content":{"rendered":"\t\t<div data-elementor-type=\"wp-page\" data-elementor-id=\"2487\" class=\"elementor elementor-2487\">\n\t\t\t\t\t\t<section class=\"elementor-section elementor-top-section elementor-element elementor-element-90bfa8d elementor-section-stretched elementor-section-boxed elementor-section-height-default elementor-section-height-default\" data-id=\"90bfa8d\" data-element_type=\"section\" data-e-type=\"section\" data-settings=\"{&quot;stretch_section&quot;:&quot;section-stretched&quot;,&quot;background_background&quot;:&quot;classic&quot;}\">\n\t\t\t\t\t\t<div class=\"elementor-container elementor-column-gap-default\">\n\t\t\t\t\t<div class=\"elementor-column elementor-col-100 elementor-top-column elementor-element elementor-element-7539ab6\" data-id=\"7539ab6\" data-element_type=\"column\" data-e-type=\"column\">\n\t\t\t<div class=\"elementor-widget-wrap elementor-element-populated\">\n\t\t\t\t\t\t<div class=\"elementor-element elementor-element-4b7fdf1 elementor-widget elementor-widget-heading\" data-id=\"4b7fdf1\" data-element_type=\"widget\" data-e-type=\"widget\" data-widget_type=\"heading.default\">\n\t\t\t\t<div class=\"elementor-widget-container\">\n\t\t\t\t\t<h2 class=\"elementor-heading-title elementor-size-default\">A propos<\/h2>\t\t\t\t<\/div>\n\t\t\t\t<\/div>\n\t\t\t\t\t<\/div>\n\t\t<\/div>\n\t\t\t\t\t<\/div>\n\t\t<\/section>\n\t\t\t\t<section class=\"elementor-section elementor-top-section elementor-element elementor-element-2103f5c elementor-section-boxed elementor-section-height-default elementor-section-height-default\" data-id=\"2103f5c\" data-element_type=\"section\" data-e-type=\"section\">\n\t\t\t\t\t\t<div class=\"elementor-container elementor-column-gap-default\">\n\t\t\t\t\t<div class=\"elementor-column elementor-col-50 elementor-top-column elementor-element elementor-element-88e17a3\" data-id=\"88e17a3\" data-element_type=\"column\" data-e-type=\"column\">\n\t\t\t<div class=\"elementor-widget-wrap elementor-element-populated\">\n\t\t\t\t\t\t<div class=\"elementor-element elementor-element-ef3d2fa elementor-widget elementor-widget-heading\" data-id=\"ef3d2fa\" data-element_type=\"widget\" data-e-type=\"widget\" data-widget_type=\"heading.default\">\n\t\t\t\t<div class=\"elementor-widget-container\">\n\t\t\t\t\t<h2 class=\"elementor-heading-title elementor-size-default\">Une boutique \/ restaurant \u00e0 Bordeaux et en Ligne <\/h2>\t\t\t\t<\/div>\n\t\t\t\t<\/div>\n\t\t\t\t<div class=\"elementor-element elementor-element-150becd elementor-widget elementor-widget-heading\" data-id=\"150becd\" data-element_type=\"widget\" data-e-type=\"widget\" data-widget_type=\"heading.default\">\n\t\t\t\t<div class=\"elementor-widget-container\">\n\t\t\t\t\t<div class=\"elementor-heading-title elementor-size-default\">Notre concept repose sur la pr\u00e9paration de plats asiatiques que nous r\u00e9alisons sur place ou que nous vous permettons de r\u00e9aliser en proposant \u00e0 la vente plus de 1000 articles.<\/div>\t\t\t\t<\/div>\n\t\t\t\t<\/div>\n\t\t\t\t\t<\/div>\n\t\t<\/div>\n\t\t\t\t<div class=\"elementor-column elementor-col-50 elementor-top-column elementor-element elementor-element-76abd9b\" data-id=\"76abd9b\" data-element_type=\"column\" data-e-type=\"column\">\n\t\t\t<div class=\"elementor-widget-wrap elementor-element-populated\">\n\t\t\t\t\t\t<div class=\"elementor-element elementor-element-40d8e58 elementor-widget elementor-widget-image\" data-id=\"40d8e58\" data-element_type=\"widget\" data-e-type=\"widget\" data-widget_type=\"image.default\">\n\t\t\t\t<div class=\"elementor-widget-container\">\n\t\t\t\t\t\t\t\t\t\t\t\t\t\t\t<img fetchpriority=\"high\" decoding=\"async\" width=\"2016\" height=\"1152\" src=\"https:\/\/www.jieyo-food.com\/wp-content\/uploads\/2022\/11\/5F704842-13C7-4EEE-93F9-F98AA7D34053-scaled-e1669632282935.jpeg\" class=\"attachment-full size-full wp-image-6687\" alt=\"\" srcset=\"https:\/\/www.jieyo-food.com\/wp-content\/uploads\/2022\/11\/5F704842-13C7-4EEE-93F9-F98AA7D34053-scaled-e1669632282935.jpeg 2016w, https:\/\/www.jieyo-food.com\/wp-content\/uploads\/2022\/11\/5F704842-13C7-4EEE-93F9-F98AA7D34053-scaled-e1669632282935-600x343.jpeg 600w, https:\/\/www.jieyo-food.com\/wp-content\/uploads\/2022\/11\/5F704842-13C7-4EEE-93F9-F98AA7D34053-scaled-e1669632282935-500x286.jpeg 500w, https:\/\/www.jieyo-food.com\/wp-content\/uploads\/2022\/11\/5F704842-13C7-4EEE-93F9-F98AA7D34053-scaled-e1669632282935-768x439.jpeg 768w, https:\/\/www.jieyo-food.com\/wp-content\/uploads\/2022\/11\/5F704842-13C7-4EEE-93F9-F98AA7D34053-scaled-e1669632282935-1536x878.jpeg 1536w, https:\/\/www.jieyo-food.com\/wp-content\/uploads\/2022\/11\/5F704842-13C7-4EEE-93F9-F98AA7D34053-scaled-e1669632282935-700x400.jpeg 700w, https:\/\/www.jieyo-food.com\/wp-content\/uploads\/2022\/11\/5F704842-13C7-4EEE-93F9-F98AA7D34053-scaled-e1669632282935-400x229.jpeg 400w, https:\/\/www.jieyo-food.com\/wp-content\/uploads\/2022\/11\/5F704842-13C7-4EEE-93F9-F98AA7D34053-scaled-e1669632282935-750x429.jpeg 750w, https:\/\/www.jieyo-food.com\/wp-content\/uploads\/2022\/11\/5F704842-13C7-4EEE-93F9-F98AA7D34053-scaled-e1669632282935-80x46.jpeg 80w\" sizes=\"(max-width: 2016px) 100vw, 2016px\" \/>\t\t\t\t\t\t\t\t\t\t\t\t\t\t\t<\/div>\n\t\t\t\t<\/div>\n\t\t\t\t\t<\/div>\n\t\t<\/div>\n\t\t\t\t\t<\/div>\n\t\t<\/section>\n\t\t\t\t<section class=\"elementor-section elementor-top-section elementor-element elementor-element-71ce71d elementor-section-boxed elementor-section-height-default elementor-section-height-default\" data-id=\"71ce71d\" data-element_type=\"section\" data-e-type=\"section\">\n\t\t\t\t\t\t<div class=\"elementor-container elementor-column-gap-default\">\n\t\t\t\t\t<div class=\"elementor-column elementor-col-50 elementor-top-column elementor-element elementor-element-c621dbf\" data-id=\"c621dbf\" data-element_type=\"column\" data-e-type=\"column\">\n\t\t\t<div class=\"elementor-widget-wrap elementor-element-populated\">\n\t\t\t\t\t\t<div class=\"elementor-element elementor-element-ffbb27b elementor-widget elementor-widget-image\" data-id=\"ffbb27b\" data-element_type=\"widget\" data-e-type=\"widget\" data-widget_type=\"image.default\">\n\t\t\t\t<div class=\"elementor-widget-container\">\n\t\t\t\t\t\t\t\t\t\t\t\t\t\t\t<img decoding=\"async\" width=\"1024\" height=\"622\" src=\"https:\/\/www.jieyo-food.com\/wp-content\/uploads\/2022\/11\/F65109BE-8FA9-4F3B-9344-3B8473BD0352-e1669632446279.jpeg\" class=\"attachment-full size-full wp-image-6787\" alt=\"\" srcset=\"https:\/\/www.jieyo-food.com\/wp-content\/uploads\/2022\/11\/F65109BE-8FA9-4F3B-9344-3B8473BD0352-e1669632446279.jpeg 1024w, https:\/\/www.jieyo-food.com\/wp-content\/uploads\/2022\/11\/F65109BE-8FA9-4F3B-9344-3B8473BD0352-e1669632446279-600x364.jpeg 600w, https:\/\/www.jieyo-food.com\/wp-content\/uploads\/2022\/11\/F65109BE-8FA9-4F3B-9344-3B8473BD0352-e1669632446279-500x304.jpeg 500w, https:\/\/www.jieyo-food.com\/wp-content\/uploads\/2022\/11\/F65109BE-8FA9-4F3B-9344-3B8473BD0352-e1669632446279-768x467.jpeg 768w, https:\/\/www.jieyo-food.com\/wp-content\/uploads\/2022\/11\/F65109BE-8FA9-4F3B-9344-3B8473BD0352-e1669632446279-659x400.jpeg 659w, https:\/\/www.jieyo-food.com\/wp-content\/uploads\/2022\/11\/F65109BE-8FA9-4F3B-9344-3B8473BD0352-e1669632446279-400x243.jpeg 400w, https:\/\/www.jieyo-food.com\/wp-content\/uploads\/2022\/11\/F65109BE-8FA9-4F3B-9344-3B8473BD0352-e1669632446279-750x456.jpeg 750w, https:\/\/www.jieyo-food.com\/wp-content\/uploads\/2022\/11\/F65109BE-8FA9-4F3B-9344-3B8473BD0352-e1669632446279-80x49.jpeg 80w\" sizes=\"(max-width: 1024px) 100vw, 1024px\" \/>\t\t\t\t\t\t\t\t\t\t\t\t\t\t\t<\/div>\n\t\t\t\t<\/div>\n\t\t\t\t\t<\/div>\n\t\t<\/div>\n\t\t\t\t<div class=\"elementor-column elementor-col-50 elementor-top-column elementor-element elementor-element-e48d64a\" data-id=\"e48d64a\" data-element_type=\"column\" data-e-type=\"column\">\n\t\t\t<div class=\"elementor-widget-wrap elementor-element-populated\">\n\t\t\t\t\t\t<div class=\"elementor-element elementor-element-d6487bc elementor-widget elementor-widget-heading\" data-id=\"d6487bc\" data-element_type=\"widget\" data-e-type=\"widget\" data-widget_type=\"heading.default\">\n\t\t\t\t<div class=\"elementor-widget-container\">\n\t\t\t\t\t<h2 class=\"elementor-heading-title elementor-size-default\">Ce qu'ils en disent :<\/h2>\t\t\t\t<\/div>\n\t\t\t\t<\/div>\n\t\t\t\t<div class=\"elementor-element elementor-element-521f77e elementor-widget elementor-widget-heading\" data-id=\"521f77e\" data-element_type=\"widget\" data-e-type=\"widget\" data-widget_type=\"heading.default\">\n\t\t\t\t<div class=\"elementor-widget-container\">\n\t\t\t\t\t<div class=\"elementor-heading-title elementor-size-default\">Je n'avais jamais mang\u00e9 de ma vie de tels plats. On ne les trouve habituellement jamais dans les autres restaurant. Un vrai voyage gustatif en asie.<\/div>\t\t\t\t<\/div>\n\t\t\t\t<\/div>\n\t\t\t\t\t<\/div>\n\t\t<\/div>\n\t\t\t\t\t<\/div>\n\t\t<\/section>\n\t\t\t\t<section class=\"elementor-section elementor-top-section elementor-element elementor-element-4a41b24 elementor-section-stretched elementor-section-boxed elementor-section-height-default elementor-section-height-default\" data-id=\"4a41b24\" data-element_type=\"section\" data-e-type=\"section\" data-settings=\"{&quot;stretch_section&quot;:&quot;section-stretched&quot;,&quot;background_background&quot;:&quot;classic&quot;}\">\n\t\t\t\t\t\t<div class=\"elementor-container elementor-column-gap-default\">\n\t\t\t\t\t<div class=\"elementor-column elementor-col-100 elementor-top-column elementor-element elementor-element-fee18ff\" data-id=\"fee18ff\" data-element_type=\"column\" data-e-type=\"column\">\n\t\t\t<div class=\"elementor-widget-wrap\">\n\t\t\t\t\t\t\t<\/div>\n\t\t<\/div>\n\t\t\t\t\t<\/div>\n\t\t<\/section>\n\t\t\t\t<section class=\"elementor-section elementor-top-section elementor-element elementor-element-6a006d9 elementor-section-boxed elementor-section-height-default elementor-section-height-default\" data-id=\"6a006d9\" data-element_type=\"section\" data-e-type=\"section\" data-settings=\"{&quot;background_background&quot;:&quot;classic&quot;}\">\n\t\t\t\t\t\t<div class=\"elementor-container elementor-column-gap-default\">\n\t\t\t\t\t<div class=\"elementor-column elementor-col-33 elementor-top-column elementor-element elementor-element-5e8ffce\" data-id=\"5e8ffce\" data-element_type=\"column\" data-e-type=\"column\">\n\t\t\t<div class=\"elementor-widget-wrap\">\n\t\t\t\t\t\t\t<\/div>\n\t\t<\/div>\n\t\t\t\t<div class=\"elementor-column elementor-col-33 elementor-top-column elementor-element elementor-element-8fb46d7\" data-id=\"8fb46d7\" data-element_type=\"column\" data-e-type=\"column\">\n\t\t\t<div class=\"elementor-widget-wrap elementor-element-populated\">\n\t\t\t\t\t\t<div class=\"elementor-element elementor-element-1328e98 elementor-widget elementor-widget-heading\" data-id=\"1328e98\" data-element_type=\"widget\" data-e-type=\"widget\" data-widget_type=\"heading.default\">\n\t\t\t\t<div class=\"elementor-widget-container\">\n\t\t\t\t\t<h2 class=\"elementor-heading-title elementor-size-default\">D\u00e9couvrez nos recettes<\/h2>\t\t\t\t<\/div>\n\t\t\t\t<\/div>\n\t\t\t\t<div class=\"elementor-element elementor-element-39e84f4 elementor-widget elementor-widget-heading\" data-id=\"39e84f4\" data-element_type=\"widget\" data-e-type=\"widget\" data-widget_type=\"heading.default\">\n\t\t\t\t<div class=\"elementor-widget-container\">\n\t\t\t\t\t<div class=\"elementor-heading-title elementor-size-default\">Nous vous avons s\u00e9lectionn\u00e9 de nombreuses recettes que vous  pourrez r\u00e9aliser vous m\u00eame avec les produits de notre site internet.<\/div>\t\t\t\t<\/div>\n\t\t\t\t<\/div>\n\t\t\t\t\t<\/div>\n\t\t<\/div>\n\t\t\t\t<div class=\"elementor-column elementor-col-33 elementor-top-column elementor-element elementor-element-bdbe472\" data-id=\"bdbe472\" data-element_type=\"column\" data-e-type=\"column\">\n\t\t\t<div class=\"elementor-widget-wrap\">\n\t\t\t\t\t\t\t<\/div>\n\t\t<\/div>\n\t\t\t\t\t<\/div>\n\t\t<\/section>\n\t\t\t\t<section class=\"elementor-section elementor-top-section elementor-element elementor-element-99c000a elementor-section-boxed elementor-section-height-default elementor-section-height-default\" data-id=\"99c000a\" data-element_type=\"section\" data-e-type=\"section\" data-settings=\"{&quot;background_background&quot;:&quot;classic&quot;}\">\n\t\t\t\t\t\t<div class=\"elementor-container elementor-column-gap-default\">\n\t\t\t\t\t<div class=\"elementor-column elementor-col-100 elementor-top-column elementor-element elementor-element-ab1d7e8\" data-id=\"ab1d7e8\" data-element_type=\"column\" data-e-type=\"column\">\n\t\t\t<div class=\"elementor-widget-wrap\">\n\t\t\t\t\t\t\t<\/div>\n\t\t<\/div>\n\t\t\t\t\t<\/div>\n\t\t<\/section>\n\t\t\t\t<section class=\"elementor-section elementor-top-section elementor-element elementor-element-b1fdb8f elementor-section-full_width elementor-section-stretched elementor-section-height-default elementor-section-height-default\" data-id=\"b1fdb8f\" data-element_type=\"section\" data-e-type=\"section\" data-settings=\"{&quot;stretch_section&quot;:&quot;section-stretched&quot;}\">\n\t\t\t\t\t\t<div class=\"elementor-container elementor-column-gap-no\">\n\t\t\t\t\t<div class=\"elementor-column elementor-col-100 elementor-top-column elementor-element elementor-element-88de0f8\" data-id=\"88de0f8\" data-element_type=\"column\" data-e-type=\"column\">\n\t\t\t<div class=\"elementor-widget-wrap elementor-element-populated\">\n\t\t\t\t\t\t<div class=\"elementor-element elementor-element-0fc6ca6 elementor-widget elementor-widget-heading\" data-id=\"0fc6ca6\" data-element_type=\"widget\" data-e-type=\"widget\" data-widget_type=\"heading.default\">\n\t\t\t\t<div class=\"elementor-widget-container\">\n\t\t\t\t\t<h3 class=\"elementor-heading-title elementor-size-default\">Rejoignez notre Instagram<\/h3>\t\t\t\t<\/div>\n\t\t\t\t<\/div>\n\t\t\t\t<div class=\"elementor-element elementor-element-6bc7b3d elementor-widget__width-auto elementor-widget elementor-widget-heading\" data-id=\"6bc7b3d\" data-element_type=\"widget\" data-e-type=\"widget\" data-widget_type=\"heading.default\">\n\t\t\t\t<div class=\"elementor-widget-container\">\n\t\t\t\t\t<div class=\"elementor-heading-title elementor-size-default\"><a href=\"https:\/\/www.instagram.com\/jieyo_food\/\">@jieyo_food<\/a><\/div>\t\t\t\t<\/div>\n\t\t\t\t<\/div>\n\t\t\t\t\t<\/div>\n\t\t<\/div>\n\t\t\t\t\t<\/div>\n\t\t<\/section>\n\t\t\t\t<section class=\"elementor-section elementor-top-section elementor-element elementor-element-9b0bb4c elementor-section-stretched elementor-section-boxed elementor-section-height-default elementor-section-height-default\" data-id=\"9b0bb4c\" data-element_type=\"section\" data-e-type=\"section\" data-settings=\"{&quot;stretch_section&quot;:&quot;section-stretched&quot;,&quot;background_background&quot;:&quot;classic&quot;}\">\n\t\t\t\t\t\t<div class=\"elementor-container elementor-column-gap-default\">\n\t\t\t\t\t<div class=\"elementor-column elementor-col-50 elementor-top-column elementor-element elementor-element-7b600c8\" data-id=\"7b600c8\" data-element_type=\"column\" data-e-type=\"column\">\n\t\t\t<div class=\"elementor-widget-wrap elementor-element-populated\">\n\t\t\t\t\t\t<div class=\"elementor-element elementor-element-1e659ff elementor-widget elementor-widget-heading\" data-id=\"1e659ff\" data-element_type=\"widget\" data-e-type=\"widget\" data-widget_type=\"heading.default\">\n\t\t\t\t<div class=\"elementor-widget-container\">\n\t\t\t\t\t<h2 class=\"elementor-heading-title elementor-size-default\">Economisez 10% sur votre premi\u00e8re commande<\/h2>\t\t\t\t<\/div>\n\t\t\t\t<\/div>\n\t\t\t\t<div class=\"elementor-element elementor-element-7899843 elementor-widget elementor-widget-heading\" data-id=\"7899843\" data-element_type=\"widget\" data-e-type=\"widget\" data-widget_type=\"heading.default\">\n\t\t\t\t<div class=\"elementor-widget-container\">\n\t\t\t\t\t<div class=\"elementor-heading-title elementor-size-default\">Inscrivez vous \u00e0 notre Newsletter<\/div>\t\t\t\t<\/div>\n\t\t\t\t<\/div>\n\t\t\t\t\t<\/div>\n\t\t<\/div>\n\t\t\t\t<div class=\"elementor-column elementor-col-50 elementor-top-column elementor-element elementor-element-bcc543b\" data-id=\"bcc543b\" data-element_type=\"column\" data-e-type=\"column\">\n\t\t\t<div class=\"elementor-widget-wrap\">\n\t\t\t\t\t\t\t<\/div>\n\t\t<\/div>\n\t\t\t\t\t<\/div>\n\t\t<\/section>\n\t\t\t\t<\/div>\n\t\t","protected":false},"excerpt":{"rendered":"<p>A propos Une boutique \/ restaurant \u00e0 Bordeaux et en Ligne Notre concept repose sur la pr\u00e9paration de plats asiatiques [&hellip;]<\/p>\n","protected":false},"author":1,"featured_media":0,"parent":0,"menu_order":0,"comment_status":"closed","ping_status":"closed","template":"","meta":{"_uag_custom_page_level_css":"","site-sidebar-layout":"default","site-content-layout":"","ast-site-content-layout":"default","site-content-style":"default","site-sidebar-style":"default","ast-global-header-display":"","ast-banner-title-visibility":"","ast-main-header-display":"","ast-hfb-above-header-display":"","ast-hfb-below-header-display":"","ast-hfb-mobile-header-display":"","site-post-title":"","ast-breadcrumbs-content":"","ast-featured-img":"","footer-sml-layout":"","ast-disable-related-posts":"","theme-transparent-header-meta":"","adv-header-id-meta":"","stick-header-meta":"","header-above-stick-meta":"","header-main-stick-meta":"","header-below-stick-meta":"","astra-migrate-meta-layouts":"default","ast-page-background-enabled":"default","ast-page-background-meta":{"desktop":{"background-color":"var(--ast-global-color-5)","background-image":"","background-repeat":"repeat","background-position":"center center","background-size":"auto","background-attachment":"scroll","background-type":"","background-media":"","overlay-type":"","overlay-color":"","overlay-opacity":"","overlay-gradient":""},"tablet":{"background-color":"","background-image":"","background-repeat":"repeat","background-position":"center center","background-size":"auto","background-attachment":"scroll","background-type":"","background-media":"","overlay-type":"","overlay-color":"","overlay-opacity":"","overlay-gradient":""},"mobile":{"background-color":"","background-image":"","background-repeat":"repeat","background-position":"center center","background-size":"auto","background-attachment":"scroll","background-type":"","background-media":"","overlay-type":"","overlay-color":"","overlay-opacity":"","overlay-gradient":""}},"ast-content-background-meta":{"desktop":{"background-color":"var(--ast-global-color-4)","background-image":"","background-repeat":"repeat","background-position":"center center","background-size":"auto","background-attachment":"scroll","background-type":"","background-media":"","overlay-type":"","overlay-color":"","overlay-opacity":"","overlay-gradient":""},"tablet":{"background-color":"var(--ast-global-color-4)","background-image":"","background-repeat":"repeat","background-position":"center center","background-size":"auto","background-attachment":"scroll","background-type":"","background-media":"","overlay-type":"","overlay-color":"","overlay-opacity":"","overlay-gradient":""},"mobile":{"background-color":"var(--ast-global-color-4)","background-image":"","background-repeat":"repeat","background-position":"center center","background-size":"auto","background-attachment":"scroll","background-type":"","background-media":"","overlay-type":"","overlay-color":"","overlay-opacity":"","overlay-gradient":""}},"footnotes":""},"class_list":["post-2487","page","type-page","status-publish","hentry"],"uagb_featured_image_src":{"full":false,"thumbnail":false,"medium":false,"medium_large":false,"large":false,"1536x1536":false,"2048x2048":false,"woocommerce_thumbnail":false,"woocommerce_single":false,"woocommerce_gallery_thumbnail":false,"zrdn_recipe_image_main":false,"zrdn_recipe_image_json_1x1":false,"zrdn_recipe_image_json_4x3":false,"zrdn_recipe_image_json_16x9":false,"zrdn_recipe_image_json_1x1_s":false,"zrdn_recipe_image_json_4x3_s":false,"zrdn_recipe_image_json_16x9_s":false,"zrdn_custom_print_image":false,"zrdn_grid_image_landscape":false,"zrdn_grid_image_portrait":false,"zrdn_grid_image_portrait_large":false},"uagb_author_info":{"display_name":"bal8d","author_link":"https:\/\/www.jieyo-food.com\/home\/author\/bal8d\/"},"uagb_comment_info":0,"uagb_excerpt":"A propos Une boutique \/ restaurant \u00e0 Bordeaux et en Ligne Notre concept repose sur la pr\u00e9paration de plats asiatiques [&hellip;]","_links":{"self":[{"href":"https:\/\/www.jieyo-food.com\/home\/wp-json\/wp\/v2\/pages\/2487","targetHints":{"allow":["GET"]}}],"collection":[{"href":"https:\/\/www.jieyo-food.com\/home\/wp-json\/wp\/v2\/pages"}],"about":[{"href":"https:\/\/www.jieyo-food.com\/home\/wp-json\/wp\/v2\/types\/page"}],"author":[{"embeddable":true,"href":"https:\/\/www.jieyo-food.com\/home\/wp-json\/wp\/v2\/users\/1"}],"replies":[{"embeddable":true,"href":"https:\/\/www.jieyo-food.com\/home\/wp-json\/wp\/v2\/comments?post=2487"}],"version-history":[{"count":40,"href":"https:\/\/www.jieyo-food.com\/home\/wp-json\/wp\/v2\/pages\/2487\/revisions"}],"predecessor-version":[{"id":6877,"href":"https:\/\/www.jieyo-food.com\/home\/wp-json\/wp\/v2\/pages\/2487\/revisions\/6877"}],"wp:attachment":[{"href":"https:\/\/www.jieyo-food.com\/home\/wp-json\/wp\/v2\/media?parent=2487"}],"curies":[{"name":"wp","href":"https:\/\/api.w.org\/{rel}","templated":true}]}}